{"id":478,"date":"2012-10-02T19:42:45","date_gmt":"2012-10-02T16:42:45","guid":{"rendered":"http:\/\/localhost\/wordpress2\/?page_id=478"},"modified":"2017-05-18T21:39:08","modified_gmt":"2017-05-18T18:39:08","slug":"cantina-bisericii","status":"publish","type":"page","link":"https:\/\/www.harulmoldovaveche.ro\/?page_id=478","title":{"rendered":"Cantina Bisericii Harul Moldova Veche"},"content":{"rendered":"<p><img loading=\"lazy\" decoding=\"async\" src=\"wp-content\/imagini\/cantina.jpg\" alt=\"\" width=\"110\" height=\"110\" align=\"left\" \/><br \/>\n<span style=\"color: #667667; font-size: 250%;\">&nbsp;Cantina bisericii<\/span><br \/>\n<br \/>\n&nbsp;&nbsp;&nbsp;&nbsp;&nbsp;&nbsp;Cantina bisericii are ca finan\u021bare urm\u0103toarele surse:<\/p>\n<ol>\n<li> <span> \u00een primul r\u00e2nd realizarea acestui proiect, cu tot ceea ce \u00eenseamn\u0103 el (cl\u0103dire \u0219i utilit\u0103\u021bile interioare) a fost posibil\u0103 datorit\u0103 finan\u021b\u0103rii unor fra\u021bi bapti\u0219ti americani cu inim\u0103 mare, membri ai bisericii baptiste <a href=\"http:\/\/www.fbcpaducah.org\/\" target = \"link\">\u201cFirst Baptist Church\u201d<\/a> din localitatea Paducah, din statul american Kentuky, c\u0103rora biserica noastr\u0103 le mul\u021bume\u0219te pentru aceast\u0103 esen\u021bial\u0103 implicare \u00een proiect, f\u0103r\u0103 de care, ridicarea \u0219i utilarea cl\u0103dirii cantinei nu ar fi fost posibil\u0103;<\/span><\/li>\n<li>  <span>fonduri proprii (milostenia fra\u021bilor \u0219i surorilor din biseric\u0103);<\/span><\/li>\n<li>  <span>dona\u021bii externe de la oameni care au luat la cuno\u0219tin\u021b\u0103 de acest proiect, motiva\u021bia lor fiind \u00een mod clar, acela de a vedea pe unii concet\u0103\u021beni din ora\u0219ul Moldova Nou\u0103 c\u0103 se bucur\u0103 de o mas\u0103 cald\u0103 Duminica. Deasemenea, mul\u021bumim pe aceast\u0103 cale \u0219i personalului S.C. &#8220;VFI MEDICA&#8221; S.R.L. din municipiul Timi\u0219oara \u0219i firmei SC &#8220;B\u0102LEANU&#8221; S.R.L. din localitatea Moldova Nou\u0103 pentru dona\u021biile lor.<\/span><\/li>\n<\/ol>\n<p><a id=\"thumb1\" title=\"\u00cen sala de mese a cantinei bisericii\" onclick=\"return hs.expand(this, { slideshowGroup: 1 })\" href=\"wp-content\/imagini\/cantina\/IMG_0196.JPG\"><img loading=\"lazy\" decoding=\"async\" title=\"Apas\u0103 pentru a m\u0103ri poza\" src=\"wp-content\/imagini\/cantina\/IMG_0196.JPG\" alt=\"Highslide JS\" width=\"300\" height=\"200\" align=\"left\" style=\"margin-left: 240px; margin-right: 20px; border:2px solid grey;\"\/><\/a><a id=\"thumb2\" title=\"\u00cen sala de mese a cantinei bisericii\" onclick=\"return hs.expand(this, { slideshowGroup: 1 })\" href=\"wp-content\/imagini\/cantina\/IMG_0046.JPG\"><img loading=\"lazy\" decoding=\"async\" title=\"Apas\u0103 pentru a m\u0103ri poza\" src=\"wp-content\/imagini\/cantina\/IMG_0046.JPG\" alt=\"Highslide JS\" width=\"300\" height=\"200\" align=\"left\" style=\"border:2px solid grey;\"\/><\/a><\/p>\n<p style=\"margin-top:6.7cm;\">\n&nbsp;&nbsp;&nbsp;&nbsp;&nbsp;&nbsp;Viziunea de viitor pentru acest proiect este ca sufletele care particip\u0103 \u0219i uneori la serviciile biserice\u0219ti s\u0103-L cunoasc\u0103 pe Dumnezeu, deoarece Domnul Isus Hristos a f\u0103cut la fel atunci c\u00e2nd a f\u0103cut minunea \u00eenmul\u021birii p\u00e2inilor \u0219i pe\u0219tilor. Le-a predicat Cuv\u00e2ntul Lui Dumnezeu \u0219i apoi le-a dat s\u0103 m\u0103n\u00e2nce.<br \/>\n&nbsp;&nbsp;&nbsp;&nbsp;&nbsp;&nbsp;De altfel Biblia precizeaz\u0103 clar acest aspect:<\/p>\n<p style=\"margin-left:2cm; margin-top:0;\">&nbsp;&nbsp;&nbsp;&nbsp;&nbsp;&nbsp;<span style=\"font-family: Times New Roman;font-weight: bold; font-size: 110%;\">Matei 4:4<\/span><br \/>\nDrept r\u0103spuns, Isus i-a zis: <span style=\"font-family: Times New Roman; font-size: 110%; color: #ea5246\">\u201eEste scris: \u201eOmul nu tr\u0103ie\u0219te numai cu p\u00e2ine, ci cu orice cuv\u00e2nt care iese din gura lui Dumnezeu.\u201d<\/span>\n<\/p>\n<p>&nbsp;&nbsp;&nbsp;&nbsp;&nbsp;&nbsp;\u00cens\u0103 alegerea este personal\u0103, de aceea biserica nu ofer\u0103 aceast\u0103 mas\u0103 cald\u0103 persoanelor care au nevoie de ea, cu scopul de a converti pe oameni ca o condi\u021bie la schimb, ci biserica ofer\u0103 aceast\u0103 mas\u0103 cald\u0103 persoanelor care au nevoie de ea din milostenie \u00een primul r\u00e2nd \u0219i tot din milostenie \u0219i dragoste le \u00eemp\u0103rt\u0103\u0219im \u0219i Cuv\u00e2ntul Lui Dumnezeu, pentru c\u0103 aceasta este menirea \u0219i crezul bisericii.<br \/>\n&nbsp;&nbsp;&nbsp;&nbsp;&nbsp;&nbsp;Prin urmare, cantina bisericii este frecventat\u0103 \u0219i de oameni care nu sunt membri \u00een biserica noastr\u0103 \u0219i nici nu frecventeaz\u0103 biserica noastr\u0103. Este adev\u0103rat c\u0103 ne dorim ca ace\u0219ti oameni s\u0103 ne frecventeze \u0219i la serviciile divine din cadrul programului bisericii, dar nu le impunem acest lucru \u0219i nici nu le punem condi\u021bia ca pentru masa ce o primesc Duminica s\u0103 frecventeze la schimb biserica noastr\u0103.<br \/>\n&nbsp;&nbsp;&nbsp;&nbsp;&nbsp;&nbsp;Pentru masa duminical\u0103 g\u0103tesc fra\u021bi \u0219i surori, voluntar, pe baza unui program f\u0103cut de un membru al bisericii care este responsabilul acestei lucr\u0103ri.<br \/>\n&nbsp;&nbsp;&nbsp;&nbsp;&nbsp;&nbsp;Se g\u0103te\u0219te S\u00e2mb\u0103ta seara \u0219i Duminica diminea\u021ba, cu alimente cump\u0103rate S\u00e2mb\u0103ta pentru a nu avea probleme cu cele perisabile sau cu unele feluri de m\u00e2ncare care se altereaz\u0103 repede.<br \/>\n&nbsp;&nbsp;&nbsp;&nbsp;&nbsp;&nbsp;De masa cald\u0103, format\u0103 din dou\u0103 feluri de m\u00e2ncare, plus desert, beneficiaz\u0103 aproximativ 58 \u2013 60 de persoane, care sunt at\u00e2t membri ai bisericii noastre c\u00e2t \u0219i din afara bisericii, din care 35 \u2013 40 servesc masa \u00een cantin\u0103, iar 15 \u2013 20 de persoane primesc m\u00e2ncare acas\u0103 (persoane bolnave, copii, persoane cu dizabilit\u0103\u021bi), m\u00e2ncarea fiindu-le adus\u0103 la domiciliu de un membru al familiei, care serve\u0219te \u0219i el masa la cantin\u0103, sau de tinerii din biseric\u0103, \u00eens\u0103rcina\u021bi special cu aceast\u0103 lucrare.<br \/>\n&nbsp;&nbsp;&nbsp;&nbsp;&nbsp;&nbsp;Pentru cur\u0103\u021benia s\u0103lii de mese, sunt \u00eens\u0103rcina\u021bi \u00een fiecare Duminic\u0103, tot tinerii din biseric\u0103.<br \/>\n&nbsp;&nbsp;&nbsp;&nbsp;&nbsp;&nbsp;\u00cenaintea servirii mesei, tinerii din biseric\u0103 \u021bin un scurt cuv\u00e2nt (discurs, cuv\u00e2ntare) din Scriptur\u0103 \u00een sala de mese, urmat de rug\u0103ciunea de mul\u021bumire pentru m\u00e2ncarea servit\u0103, iar \u00een timpul servirii mesei au \u0219i un program de c\u00e2nt\u0103ri cre\u0219tine, acompaniat cu instrumentele lor muzicale.<br \/>\n&nbsp;&nbsp;&nbsp;&nbsp;&nbsp;&nbsp;De masa cald\u0103 pot beneficia oameni nevoia\u0219i, atent selec\u021biona\u021bi de c\u0103tre biseric\u0103 prin conducerea ei, selec\u021bia \u021bin\u00e2nd cont de:<\/p>\n<ol>\n<li><span> num\u0103rul de persoane, pentru care biserica are resurse umane \u0219i utilitare pentru g\u0103tit, sau de spa\u021biul necesar. La momentul actual biserica poate servi un num\u0103r maxim de 45 de por\u021bii \u00een sala de mese;<\/span><\/li>\n<li><span>de starea lor de s\u0103r\u0103cie (oameni ai str\u0103zii, bolnavi mintal, oameni f\u0103r\u0103 nici un ajutor financiar)<\/span><\/li>\n<\/ol>\n<p>&nbsp;&nbsp;&nbsp;&nbsp;&nbsp;&nbsp;Totu\u0219i, \u00een limita ocup\u0103rii locurilor \u00een sala de mese sau a por\u021biilor r\u0103mase neservite, este acceptat\u0103 orice person\u0103, care cere o mas\u0103 cald\u0103 Duminica, f\u0103r\u0103 a fi fost selec\u021bionat\u0103 de conducerea bisericii, iar astfel de cazuri apar aproape \u00een fiecare Duminic\u0103, atunci c\u00e2nd se serve\u0219te masa \u0219i, p\u00e2n\u0103 la momentul actual am reu\u0219it s\u0103 ajut\u0103m \u0219i multe din aceste persoane.<br \/>\n&nbsp;&nbsp;&nbsp;&nbsp;&nbsp;&nbsp;Dac\u0103 \u00een urma parcurgerii acestor informa\u021bii, exist\u0103 persoane care au acelea\u0219i sim\u021b\u0103minte ca oamenii implica\u021bi \u00een aceast\u0103 lucrare \u0219i ar vrea s\u0103 sponsorizeze acest proiect, atunci biserica noastr\u0103 accept\u0103 bucuroas\u0103 sponsoriz\u0103rile venite de la persoane fizice \u0219i juridice, pe baz\u0103 de chitan\u021b\u0103, deoarece ace\u0219ti bani vor intra \u00een casieria bisericii, pentru a fi administra\u021bi \u00een aceast\u0103 direc\u021bie, de ajutorare cu o mas\u0103 cald\u0103 pentru nevoia\u0219ii din acest ora\u0219.<br \/>\n<a id=\"thumb3\" title=\"\u00cen sala de mese a cantinei bisericii\" onclick=\"return hs.expand(this, { slideshowGroup: 2 })\" href=\"wp-content\/imagini\/cantina\/IMG_0197.JPG\"><img loading=\"lazy\" decoding=\"async\" title=\"Apas\u0103 pentru a m\u0103ri poza\" src=\"wp-content\/imagini\/cantina\/IMG_0197.JPG\" alt=\"Highslide JS\" width=\"300\" height=\"200\" align=\"left\" style=\"margin-left: 240px; margin-right: 20px; border:2px solid grey;\"\/><\/a><a id=\"thumb3\" title=\"\u00cen sala de mese a cantinei bisericii\" onclick=\"return hs.expand(this, { slideshowGroup: 2 })\" href=\"wp-content\/imagini\/cantina\/IMG_0199.JPG\"><img loading=\"lazy\" decoding=\"async\" title=\"Apas\u0103 pentru a m\u0103ri poza\" src=\"wp-content\/imagini\/cantina\/IMG_0199.JPG\" alt=\"Highslide JS\" width=\"300\" height=\"200\" align=\"left\" style=\"border:2px solid grey; margin-bottom:10px;\" \/><\/a><br \/>\n<\/p>\n","protected":false},"excerpt":{"rendered":"<p>&nbsp;Cantina bisericii &nbsp;&nbsp;&nbsp;&nbsp;&nbsp;&nbsp;Cantina bisericii are ca finan\u021bare urm\u0103toarele surse: \u00een primul r\u00e2nd realizarea acestui proiect, cu tot ceea ce \u00eenseamn\u0103 el (cl\u0103dire \u0219i utilit\u0103\u021bile interioare) a fost posibil\u0103 datorit\u0103 finan\u021b\u0103rii unor fra\u021bi bapti\u0219ti americani cu inim\u0103 mare, membri ai bisericii &hellip; <a href=\"https:\/\/www.harulmoldovaveche.ro\/?page_id=478\">Continu\u0103 s\u0103 cite\u0219ti <span class=\"meta-nav\">&rarr;<\/span><\/a><\/p>\n","protected":false},"author":1,"featured_media":0,"parent":0,"menu_order":0,"comment_status":"closed","ping_status":"closed","template":"","meta":{"_acf_changed":false,"ngg_post_thumbnail":0,"footnotes":""},"class_list":["post-478","page","type-page","status-publish","hentry"],"acf":[],"_links":{"self":[{"href":"https:\/\/www.harulmoldovaveche.ro\/index.php?rest_route=\/wp\/v2\/pages\/478","targetHints":{"allow":["GET"]}}],"collection":[{"href":"https:\/\/www.harulmoldovaveche.ro\/index.php?rest_route=\/wp\/v2\/pages"}],"about":[{"href":"https:\/\/www.harulmoldovaveche.ro\/index.php?rest_route=\/wp\/v2\/types\/page"}],"author":[{"embeddable":true,"href":"https:\/\/www.harulmoldovaveche.ro\/index.php?rest_route=\/wp\/v2\/users\/1"}],"replies":[{"embeddable":true,"href":"https:\/\/www.harulmoldovaveche.ro\/index.php?rest_route=%2Fwp%2Fv2%2Fcomments&post=478"}],"version-history":[{"count":98,"href":"https:\/\/www.harulmoldovaveche.ro\/index.php?rest_route=\/wp\/v2\/pages\/478\/revisions"}],"predecessor-version":[{"id":2230,"href":"https:\/\/www.harulmoldovaveche.ro\/index.php?rest_route=\/wp\/v2\/pages\/478\/revisions\/2230"}],"wp:attachment":[{"href":"https:\/\/www.harulmoldovaveche.ro\/index.php?rest_route=%2Fwp%2Fv2%2Fmedia&parent=478"}],"curies":[{"name":"wp","href":"https:\/\/api.w.org\/{rel}","templated":true}]}}